1293035?
False
Is 11 a factor of 33737?
True
Is 2 a factor of 85290?
True
Does 605 divide 3142013?
False
Is 40 a factor of 2820280?
True
Does 176 divide 411361?
False
Does 9 divide 1093777?
False
Does 202 divide 4592268?
True
Is 47 a factor of 1156952?
True
Is 252 a factor of 221743?
False
Is 15 a factor of 8070?
True
Is 45 a factor of 850296?
False
Is 124 a factor of 66464?
True
Is 1065075 a multiple of 15?
True
Does 28 divide 9182198?
False
Is 61180 a multiple of 17?
False
Is 12 a factor of 1035048?
True
Is 6 a factor of 73904?
False
Is 62 a factor of 1024302?
True
Is 12 a factor of 20485?
False
Does 12 divide 23294448?
True
Is 190200 a multiple of 5?
True
Does 11 divide 657052?
True
Does 5 divide 25756?
False
Is 39 a factor of 485277?
True
Does 118 divide 8088782?
True
Is 578 a factor of 903414?
True
Is 757299 a multiple of 99?
False
Is 1782470 a multiple of 26?
False
Is 128248 a multiple of 34?
True
Is 5 a factor of 1803689?
False
Is 5555550 a multiple of 25?
True
Does 17 divide 1148833?
False
Is 55 a factor of 1052535?
True
Is 2 a factor of 27565?
False
Does 57 divide 165984?
True
Is 19 a factor of 239599?
False
Is 19 a factor of 69646?
False
Is 867594 a multiple of 681?
True
Is 25821 a multiple of 19?
True
Is 609 a factor of 1537725?
True
Does 102 divide 1995157?
False
Does 118 divide 29598?
False
Is 51 a factor of 1031373?
True
Is 669394 a multiple of 28?
False
Is 43 a factor of 2974533?
False
Is 181844 a multiple of 40?
False
Is 3032667 a multiple of 33?
True
Does 172 divide 498456?
True
Does 18 divide 15442?
False
Does 16 divide 183719?
False
Is 48 a factor of 192259?
False
Does 238 divide 1858218?
False
Is 145 a factor of 567385?
True
Does 59 divide 9238?
False
Is 6 a factor of 340400?
False
Does 284 divide 188080?
False
Is 13404567 a multiple of 11?
True
Does 96 divide 1793678?
False
Is 33380 a multiple of 228?
False
Is 12320 a multiple of 154?
True
Does 3 divide 159245?
False
Is 46 a factor of 307970?
True
Is 2402127 a multiple of 21?
True
Is 20 a factor of 16040?
True
Is 5 a factor of 430939?
False
Is 118455 a multiple of 159?
True
Is 17 a factor of 767839?
True
Is 67024 a multiple of 30?
False
Does 16 divide 1736608?
True
Does 59 divide 5032116?
False
Does 135 divide 2506542?
False
Does 40 divide 174289?
False
Is 489056 a multiple of 17?
True
Is 11948437 a multiple of 9?
False
Is 53 a factor of 5938756?
True
Does 17 divide 13102?
False
Is 8 a factor of 2030736?
True
Does 41 divide 111397?
True
Is 171 a factor of 1003428?
True
Is 5 a factor of 107590?
True
Is 92 a factor of 125667?
False
Is 15 a factor of 63420?
True
Is 356057 a multiple of 18?
False
Does 20 divide 520660?
True
Is 144928 a multiple of 22?
False
Is 2826074 a multiple of 159?
False
Is 172 a factor of 2618314?
False
Does 1153 divide 27681224?
True
Is 35 a factor of 125090?
True
Does 473 divide 115411?
False
Is 139 a factor of 746291?
True
Is 434 a factor of 15593067?
False
Is 153914 a multiple of 82?
True
Is 15 a factor of 1379777?
False
Is 292512 a multiple of 9?
False
Is 205 a factor of 5069?
False
Is 124 a factor of 1906376?
True
Is 8267595 a multiple of 10?
False
Is 7 a factor of 1589082?
False
Is 60 a factor of 1800?
True
Does 9 divide 2295?
True
Does 105 divide 10065090?
True
Does 1234 divide 7819894?
False
Is 3794952 a multiple of 14?
True
Does 85 divide 44200?
True
Is 2 a factor of 140324?
True
Is 7 a factor of 151451?
False
Is 83823 a multiple of 2?
False
Does 251 divide 2418920?
False
Is 116 a factor of 52432?
True
Is 64432 a multiple of 4?
True
Is 9 a factor of 241087?
False
Is 209 a factor of 6888492?
False
Is 34960 a multiple of 184?
True
Does 110 divide 1068411?
False
Does 14 divide 145575?
False
Does 206 divide 514794?
True
Is 1122530 a multiple of 148?
False
Is 611 a factor of 415630?
False
Is 210900 a multiple of 228?
True
Is 29 a factor of 39749?
False
Is 478 a factor of 87474?
True
Is 28544 a multiple of 32?
True
Is 4 a factor of 419216?
True
Is 158096 a multiple of 41?
True
Is 2679406 a multiple of 166?
True
Is 367380 a multiple of 18?
True
Is 824089 a multiple of 37?
False
Is 6 a factor of 63611?
False
Is 127 a factor of 154432?
True
Is 954684 a multiple of 5?
False
Is 568596 a multiple of 6?
True
Is 7323590 a multiple of 838?
False
Is 84048 a multiple of 39?
False
Is 357 a factor of 249543?
True
Is 362567 a multiple of 17?
False
Is 586786 a multiple of 58?
True
Does 45 divide 1936841?
False
Is 2375835 a multiple of 14?
False
Is 10 a factor of 45881?
False
Is 82736 a multiple of 16?
True
Does 25 divide 536625?
True
Is 126828 a multiple of 13?
True
Does 525 divide 111825?
True
Is 224798 a multiple of 68?
False
Does 17 divide 8530?
False
Does 12 divide 350289?
False
Does 80 divide 554800?
True
Is 236007 a multiple of 29?
False
Is 1639729 a multiple of 307?
False
Does 259 divide 202361?
False
Does 253 divide 4860383?
True
Does 181 divide 11765?
True
Does 17 divide 15061252?
True
Does 210 divide 91057?
False
Does 10 divide 2017330?
True
Does 14 divide 2914730?
True
Is 442995 a multiple of 15?
True
Is 96 a factor of 10794327?
False
Is 2 a factor of 7463?
False
Is 69 a factor of 79287?
False
Is 2029278 a multiple of 7?
False
Does 554 divide 791935?
False
Is 20120008 a multiple of 808?
True
Is 980490 a multiple of 98?
True
Does 385 divide 284689?
False
Is 67 a factor of 16358?
False
Does 14 divide 16044?
True
Is 22 a factor of 74324?
False
Is 55 a factor of 2615?
False
Is 230 a factor of 435371?
False
Does 55 divide 164078?
False
Is 1281026 a multiple of 229?
True
Does 22 divide 192368?
True
Is 68 a factor of 127207?
False
Is 26449920 a multiple of 448?
True
Does 1210 divide 25182520?
True
Does 327 divide 401643?
False
Is 270 a factor of 100710?
True
Is 55260 a multiple of 9?
True
Does 112 divide 1067248?
True
Does 5 divide 59384?
False
Is 67 a factor of 78725?
True
Does 8 divide 37640?
True
Does 2 divide 20261?
False
Is 76222 a multiple of 15?
False
Does 53 divide 69811?
False
Is 89 a factor of 5695361?
False
Is 29 a factor of 3090211?
True
Does 15 divide 81917?
False
Does 3 divide 136647?
True
Is 12 a factor of 137520?
True
Does 27 divide 10296040?
False
Is 23 a factor of 197864?
False
Is 141370 a multiple of 349?
False
Is 958131 a multiple of 126?
False
Does 30 divide 28974240?
True
Does 1485 divide 2500740?
True
Is 8 a factor of 8834264?
True
Does 1455 divide 58563?
False
Is 522170 a multiple of 55?
True
Is 90 a factor of 106920?
True
Is 651614 a multiple of 12?
False
Does 140 divide 3621800?
True
Is 158645 a multiple of 5?
True
Is 40 a factor of 45880?
True
Is 3 a factor of 961449?
True
Is 146 a factor of 14640858?
False
Is 603343 a multiple of 3?
False
Is 7690228 a multiple of 10?
False
Is 3 a factor of 53184?
True
Does 317 divide 187030?
True
Does 195 divide 2025125?
False
Is 1097883 a multiple of 91?
False
Is 200 a factor of 2506302?
False
Is 163069 a multiple of 57?
False
Is 5004 a multiple of 9?
True
Is 3385669 a multiple of 7?
True
Is 56 a factor of 2623544?
True
Is 866694 a multiple of 29?
True
Is 43 a factor of 307835?
False
Is 253536 a multiple of 96?
True
Does 93 divide 107988?
False
Is 23 a factor of 2726390?
False
Is 8 a factor of 1427000?
True
Is 120618 a multiple of 143?
False
Is 166390 a multiple of 7?
True
Is 59 a factor of 210571?
True
Does 118 divide 319911?
False
Does 1491 divide 11956329?
True
Is 5964588 a multiple of 126?
True
Is 26 a factor of 221208?
True
Does 113 divide 5031777?
True
Is 123998 a multiple of 122?
False
Does 127 divide 2168467?
False
Does 17 divide 1169039?
True
Is 25 a factor of 106575?
True
Does 36 divide 26488223?
False
Is 2060006 a multiple of 805?
False
Is 116 a factor of 87696?
True
Is 391244 a multiple of 28?
True
Does 583 divide 675235?
False
Is 88523 a multiple of 23?
False
Does 11 divide 98868?
True
Is 12 a factor of 766344?
True
Is 1564453 a multiple of 6?
False
Is 12474651 a multiple of 249?
True
Is 236410 a multiple of 166?
False
Is 169 a factor of 1629667?
True
Is 763523 a multiple of 54?
False
Is 10206014 a multiple of 14?
True
Is 3 a factor of 526004?
False
Does 16 divide 1017770?
False
Is 6565536 a multiple of 32?
True
Does 159 divide 305916?
True
Does 38 divide 70374?
False
Is 64 a factor of 5765060?
False
Is 149904 a multiple of 9?
True
Is 187 a factor of 2093091?
True
Does 22 divide 67